uppose -b + 32895 - 11387 = 2*u, 5*b - 107484 = 4*u. What is the tens digit of b?
0
Let i = 221 + -218. Let j(r) = 7*r - 8. What is the tens digit of j(i)?
1
Suppose 4*d + 24 = -4*c, 2 = 19*c - 22*c + 5*d. What is the units digit of 2/(-11) - ((-93348)/(-33))/c?
7
Let q = -40 - -25. Let w = 23 + q. Suppose w*c = 2*c + 414. What is the units digit of c?
9
Let u(j) = -9*j + 63. Let h(c) = -9*c + 63. Let m(w) = -2*h(w) + 3*u(w). What is the units digit of m(-38)?
5
Let u be (-24505)/52 + (-1 + -1)/(-8). Let h = -155 - u. What is the hundreds digit of h?
3
Let f(s) = -140*s**3 + 10*s**2 + 6*s + 12. Let n be f(-3). Suppose m - 4*u - 961 = 0, -4*m = 3*u + u - n. What is the hundreds digit of m?
9
Suppose c + 13 = -2*s, -3*s - 2*s - 26 = -4*c. Let r be (-2)/16*s - (-1)/4. Suppose k = 3 - r, -5*k + 36 = 2*w. What is the units digit of w?
3
Suppose 4*r - 50074 = -2*k, -9*k + 4*k = r - 125230. What is the units digit of k?
7
Suppose -213*s + 79776 = -201*s. What is the units digit of s?
8
Let g = -32271 - -57080. What is the thousands digit of g?
4
Let u(l) be the second derivative of -37*l**4/12 + l**3/6 - l**2 - 17*l. Let r(w) = 36*w**2 + 2. Let m(n) = -2*r(n) - 3*u(n). What is the tens digit of m(1)?
3
Suppose -50*r = -50*r + 83*r - 5597852. What is the tens digit of r?
4
Let t(a) = -4*a**3 + 61*a**2 + 7*a - 15. Let h be t(15). What is the hundreds digit of 3777/(2/(-11) - h/(-99))?
2
Suppose -29*s + 11433 = -135075. What is the thousands digit of s?
5
Let j = 24439 - 9396. What is the hundreds digit of j?
0
Let t = 78 + -128. Suppose -3*k = 2*k + 235. Let s = k - t. What is the units digit of s?
3
Let n(j) = j**2 - j + 44. Let z be n(0). Suppose -6 = z*o - 45*o. Suppose -o*d + d = -805. What is the hundreds digit of d?
1
Let z be 250/7 + 114/399. Suppose -11*r - z = -15*r. What is the units digit of r?
9
Suppose 8328 = 2*k + p, -29*k + 25*k - 5*p + 16668 = 0. What is the units digit of k?
2
Let u(z) = 16*z**2 + 17*z + 72. Let w be u(12). Suppose 42*c - 37*c - w = 0. What is the tens digit of c?
1
What is the units digit of (3 - 2) + -80*8/(-5 + -3)?
1
What is the hundreds digit of (-33 + 21 - -866)*(-21)/(-2)?
9
Let l = 5042 + -2455. What is the tens digit of l?
8
Suppose 5*k = -0*k + 155. Suppose -309 = -k*p + 28*p. What is the hundreds digit of p?
1
Let i = 88 + -63. Suppose i = -2*r - 33. Let d = r + 136. What is the tens digit of d?
0
What is the ten thousands digit of (0 + -1)*4 + 13458?
1
Let k(h) = -h**2 - h - 40. Let f be k(0). Let v be ((-66)/(-55))/(6/f). What is the units digit of (164/v - 2)*-2?
5
Suppose -4*c + 6964 = p, 5*p = -8 + 28. Suppose -17*g + 27*g = c. What is the hundreds digit of g?
1
Let h = 732 - -7378. What is the units digit of h?
0
Suppose -2*m + 194 = -5*c, -3*c + 2*m - 126 = 4*m. Let s = -32 + c. What is the tens digit of 54/s - 2102/(-8)?
6
Let z(u) = -u**3 + 7*u**2 + 13*u - 1. Let a be z(8). Let s = a + 440. What is the units digit of s?
9
Let s(c) = 5*c**2 - 13*c - 12. Let b(q) = 9*q**2 - 25*q - 23. Let z(v) = -6*b(v) + 11*s(v). Let r be z(-7). What is the units digit of 4/r + (-4607)/(-51)?
1
Let a = 17341 - 10706. What is the units digit of a?
5
Let o(q) = -6*q - 14. Let n be o(-3). Suppose -3*k = n*i - 2177 + 703, 0 = -3*i - 5*k + 1111. Let g = i + -251. What is the tens digit of g?
1
Let z be ((-27)/(-72))/((-2)/(-80)). Suppose 0 = -5*i + m + 893, 10*m - z*m = -i + 193. What is the hundreds digit of i?
1
Let o be (2 - -1 - 1)/((-4)/(-6)). Suppose -o*w + 48 = -2*l - 216, 4*l - 246 = -3*w. What is the units digit of w?
6
Let t(o) = o**2 - 4*o - 1. Let l be t(5). Suppose 227 - 27 = -l*z. Let m = z + 152. What is the units digit of m?
2
Suppose -14*q = -0*q - 454580. What is the thousands digit of q?
2
Suppose 0 = -5109*l + 5089*l + 590562 - 42922. What is the units digit of l?
2
Let c(g) be the second derivative of -g**6/720 + 11*g**5/60 - g**4/3 - 22*g. Let n(i) be the third derivative of c(i). What is the tens digit of n(-16)?
3
Let t(l) = -2*l**3 - 8*l**2 + l + 12. What is the tens digit of t(-7)?
9
Let n = 2412 + -65. What is the thousands digit of n?
2
Let x(i) = 3*i**2 - 3*i - 19. Let l be x(-6). Let s = l + -95. What is the hundreds digit of 105 - (32/18 - s/(-54))?
1
Let y be (-3 + 2)/(1/3) + 5. Suppose 6*x + 8 = 4*x, 5*r = y*x + 1138. What is the hundreds digit of r?
2
Suppose -w + 2*w = 3. Suppose i = -4*i, -j - w*i + 4 = 0. Suppose j*a = 20, -5*k - 2*a + 4*a = -335. What is the tens digit of k?
6
Let y = -23 + 28. Suppose 434 = y*n + 3*r, 3*r = 5*n - r - 413. Suppose -6*h + n = 31. What is the units digit of h?
9
Let o = -47 - -45. Let m be o/14 - 66/(-21) - -360. Suppose -j + 66 = 5*i - m, 2*i + j - 171 = 0. What is the tens digit of i?
8
Let o = 314 - 525. Let l = o + 235. What is the units digit of l?
4
What is the thousands digit of (-138)/(-552)*37460/(-8)*136/(-5)?
1
Let b = -1153 - -1865. Let u = b + -326. What is the hundreds digit of u?
3
Let b(s) be the second derivative of 19*s**4/2 + 5*s**3/6 - 5*s**2/2 + 36*s + 2. What is the tens digit of b(2)?
6
Let u(q) = -163*q + 1738. What is the tens digit of u(-58)?
9
Let l(o) = -o**3 + 29*o**2 + 30*o + 15. Let f be l(30). Suppose 18*r - 1257 = f*r. What is the units digit of r?
9
Let b = -35 + 35. Suppose -d - 4*d = b, 0 = 3*j - 2*d - 114. Suppose -2*s + 79 = 3*u, -2*s + j = -2*u - 56. What is the tens digit of s?
4
Let h(o) = 6*o - 142. Let g be h(25). Suppose g*r + 1352 = 16*r. What is the units digit of r?
9
Let i(z) = 10*z - 35*z + z**2 - 9 - 78*z + 22*z. What is the tens digit of i(-10)?
0
Let a(w) = 11*w**2 - 6*w + 16. Let x be 39/9 + (-14)/(-21). What is the units digit of a(x)?
1
Let k = 47 - 3. Let h = 465 + -402. Let t = h + k. What is the tens digit of t?
0
Let c = -22 - -9. Let q(o) = 30*o + 31. Let n be q(c). Let w = -243 - n. What is the hundreds digit of w?
1
Let j(x) = -49*x + 11. Let h = -65 - 28. Let v = -97 - h. What is the hundreds digit of j(v)?
2
What is the ten thousands digit of -66*(1 + 5629/65*10/(-4))?
1
Suppose -y = -15 + 13. Suppose 0 = -3*j - 4*i - y, -3*i = -5*j - 5*i + 6. Suppose c + 4*c - 175 = -5*d, -j*c + 50 = -3*d. What is the units digit of c?
1
Let j(b) = b**3 - 18*b**2 - 9*b - 65. Let z(c) = -6*c**3 + 91*c**2 + 45*c + 327. Let l(i) = -11*j(i) - 2*z(i). What is the tens digit of l(-11)?
6
What is the ten thousands digit of (5532/36 + 13)*(-2142)/(-12)?
2
Suppose -93119 = -3*s - 5*f, 0 = 4*s + 5*f + 20241 - 144403. What is the ten thousands digit of s?
3
Suppose 0 = -2*l - 5*a - 11, 4*a - 3 = l + 9. Let u be 29/9 + 0 + l/36. Suppose -u*y - 3*c = -7*c - 50, -3*y + 40 = c. What is the tens digit of y?
1
Suppose 58 = 4*y + 5*p - 52, 4*y - 98 = p. Let x = 27 - y. Suppose -3*h = -x*u - 0*u - 125, 4*u - 201 = -5*h. What is the tens digit of h?
4
What is the tens digit of -501*((-12816)/(-216))/(2/(-3))?
8
Let m(h) = -h**2 - 5*h. Let x be m(-6). Suppose d + 564 = 6*d + 2*b, 2*b = -6. What is the tens digit of (-107)/x - (-19)/d?
1
Let n(b) = b**3 - 27*b**2 + 24*b + 55. Let l be n(26). Suppose -174 = -3*q - s, -l*s + 80 = -5*q + 356. Suppose q + 186 = 3*k. What is the tens digit of k?
8
Suppose -12*a + 7*a = 0. Suppose -4*p - 4*j = -a - 8, 5*p - j = 16. Suppose 0*o = 2*m + p*o - 72, -2*m = 5*o - 76. What is the units digit of m?
3
Suppose a - 392 = -5*h - 2*a, 0 = -4*h + a + 300. Let i = -58 + h. What is the tens digit of i?
1
Let u(i) = -16826*i**3 - i**2 + 41*i + 42. What is the units digit of u(-1)?
6
Let s be 0*(2 - (-3 + 4)). Let f(m) = -33*m + 1455. What is the units digit of f(s)?
5
Let z(o) = -19 - o + 28 + 0*o. Let n be z(5). Suppose 2*m + 400 = 4*y, -n*m + 500 = 5*y - m. What is the tens digit of y?
0
Suppose -3*r - 25 = -3*d - 1, d = 2*r + 17. Let n = r - -67. What is the units digit of n?
8
Suppose -2*x - 1318 + 14706 = -4*n, -2*n - 33454 = -5*x. What is the tens digit of x?
9
Let f(p) = -p**3 - 5*p**2 + 3*p + 6. Let x be f(-5). Let j(u) = 2*u**2 + 11*u - u**2 + u**2 + 12 + 6. What is the tens digit of j(x)?
8
Let j(r) = 7*r - 7. Let d be j(-5). Suppose 3*o + 104 = -5*z, -3*z + 72 = -5*o + 2*o. Let m = o - d. What is the tens digit of m?
1
Suppose -2*a + 138 = -211*x + 206*x, 58 = -3*x - 5*a. Suppose -4*h - 5 + 17 = 0. What is the tens digit of (-4 - -1 - x) + h?
2
Suppose -m + 58 = -2*m. Let t be ((-27)/